hat are the prime factors of 64567603?
409, 157867
List the prime factors of 1862635473.
3, 23, 193, 15541
List the prime factors of 19629298.
2, 13, 754973
What are the prime factors of 37290412?
2, 101, 241, 383
List the prime factors of 387294300.
2, 3, 5, 653, 659
What are the prime factors of 182642782?
2, 7, 19, 41, 16747
List the prime factors of 1813461873.
3, 2909, 207799
List the prime factors of 1795462264.
2, 224432783
List the prime factors of 63773495.
5, 1493, 8543
What are the prime factors of 435617617?
19, 503, 2399
What are the prime factors of 87360211?
257, 311, 1093
What are the prime factors of 32697087?
3, 89, 151, 811
What are the prime factors of 690745250?
2, 5, 13, 16349
What are the prime factors of 563198793?
3, 31, 37, 163673
What are the prime factors of 62017583?
62017583
List the prime factors of 105995881.
157, 675133
What are the prime factors of 35645282?
2, 37, 481693
List the prime factors of 7099787.
19, 71, 277
What are the prime factors of 69391759?
23, 3017033
What are the prime factors of 5510828854?
2, 29741, 92647
List the prime factors of 558751036.
2, 17, 8216927
What are the prime factors of 542142297?
3, 71, 848423
List the prime factors of 9140144.
2, 13, 43943
What are the prime factors of 330263716?
2, 23, 29, 123787
What are the prime factors of 139201509?
3, 173, 268211
What are the prime factors of 62653875?
3, 5, 167077
List the prime factors of 3694726010.
2, 5, 31, 11918471
List the prime factors of 84513980.
2, 5, 487, 8677
What are the prime factors of 5236468982?
2, 2618234491
List the prime factors of 125114114.
2, 62557057
What are the prime factors of 191003067?
3, 19, 1116977
List the prime factors of 212248958.
2, 1307, 81197
What are the prime factors of 2919636224?
2, 11404829
What are the prime factors of 204139827?
3, 173, 131111
List the prime factors of 516538063.
516538063
List the prime factors of 452751514.
2, 17, 277, 48073
What are the prime factors of 6185900285?
5, 229, 5402533
List the prime factors of 50448764.
2, 12612191
List the prime factors of 63101997.
3, 7, 37097
What are the prime factors of 26453031?
3, 11, 801607
List the prime factors of 341941518.
2, 3, 19, 167, 5987
What are the prime factors of 152521949?
19, 67, 119813
List the prime factors of 109571498.
2, 54785749
List the prime factors of 1610719.
11, 181, 809
What are the prime factors of 2140140336?
2, 3, 17, 79, 33199
List the prime factors of 74145750.
2, 3, 5, 7, 29, 487
What are the prime factors of 4278573393?
3, 521, 2737411
What are the prime factors of 74408068?
2, 7, 379633
List the prime factors of 3186797498.
2, 1593398749
What are the prime factors of 934236855?
3, 5, 6920273
List the prime factors of 1062138585.
3, 5, 31, 191, 11959
What are the prime factors of 5381577078?
2, 3, 271, 3309703
What are the prime factors of 153108132?
2, 3, 31, 67, 6143
What are the prime factors of 1658748836?
2, 414687209
What are the prime factors of 360076?
2, 90019
List the prime factors of 50090604.
2, 3, 811, 5147
List the prime factors of 5892930947.
23, 107, 2394527
What are the prime factors of 132609676?
2, 33152419
List the prime factors of 339200568.
2, 3, 7, 263, 853
List the prime factors of 925512.
2, 3, 7, 787
What are the prime factors of 270892801?
270892801
What are the prime factors of 2598935631?
3, 866311877
List the prime factors of 30542759.
13, 673, 3491
List the prime factors of 4230332.
2, 181, 5843
List the prime factors of 66321531.
3, 2456353
What are the prime factors of 157842233?
3943, 40031
What are the prime factors of 1402199398?
2, 181, 3873479
List the prime factors of 2920124932.
2, 730031233
List the prime factors of 117308446.
2, 593, 98911
List the prime factors of 102005515.
5, 2819, 7237
List the prime factors of 160514368.
2, 7, 358291
List the prime factors of 96282727.
317, 303731
List the prime factors of 767322351.
3, 101, 844139
List the prime factors of 1160143934.
2, 580071967
What are the prime factors of 1115491476?
2, 3, 11, 31, 272603
What are the prime factors of 182772568?
2, 11, 1039, 1999
What are the prime factors of 356822973?
3, 13, 59, 51691
What are the prime factors of 271982947?
271982947
List the prime factors of 69863720.
2, 5, 101, 17293
List the prime factors of 120623466.
2, 3, 17, 653, 1811
List the prime factors of 684622420.
2, 5, 34231121
What are the prime factors of 259240044?
2, 3, 7, 3086191
List the prime factors of 698520.
2, 3, 5, 5821
List the prime factors of 150877949.
61, 2473409
List the prime factors of 35987787.
3, 11, 121171
What are the prime factors of 399950112?
2, 3, 4166147
List the prime factors of 161346950.
2, 5, 3226939
What are the prime factors of 28926582?
2, 3, 4821097
List the prime factors of 1360849419.
3, 569, 265739
What are the prime factors of 3174030556?
2, 83, 9560333
List the prime factors of 96624169.
96624169
List the prime factors of 344486112.
2, 3, 19, 188863
List the prime factors of 291124470.
2, 3, 5, 7, 13, 631
List the prime factors of 1249741886.
2, 624870943
List the prime factors of 20231721.
3, 749323
What are the prime factors of 40539567?
3, 163, 82903
List the prime factors of 1127711840.
2, 5, 59, 67, 1783
What are the prime factors of 1965454431?
3, 107, 223, 27457
List the prime factors of 31131101.
19, 269, 6091
What are the prime factors of 85854708?
2, 3, 163, 4877
List the prime factors of 1137401668.
2, 13, 1171, 18679
List the prime factors of 98056721.
7, 103, 307, 443
What are the prime factors of 448054246?
2, 1069, 209567
List the prime factors of 1715128962.
2, 3, 29, 359, 27457
What are the prime factors of 2815778861?
7, 113, 3559771
What are the prime factors of 90923182?
2, 7, 6494513
List the prime factors of 9334148.
2, 53, 44029
What are the prime factors of 125643022?
2, 17, 29, 79, 1613
What are the prime factors of 87915991?
47, 39799
List the prime factors of 1262685230.
2, 5, 29, 227, 19181
What are the prime factors of 1121200885?
5, 7, 421, 76091
List the prime factors of 304646763.
3, 137, 741233
What are the prime factors of 98708170?
2, 5, 11, 29, 97
List the prime factors of 2104433064.
2, 3, 29228237
What are the prime factors of 613081891?
359, 599, 2851
What are the prime factors of 16963659?
3, 1319, 1429
List the prime factors of 5589103180.
2, 5, 279455159
List the prime factors of 33931295.
5, 6786259
What are the prime factors of 135657225?
3, 5, 11, 59, 929
List the prime factors of 81069981.
3, 97, 278591
List the prime factors of 708885885.
3, 5, 59, 801001
What are the prime factors of 47000085?
3, 5, 11, 443, 643
List the prime factors of 2240846692.
2, 7, 79, 1013041
List the prime factors of 1036568145.
3, 5, 69104543
What are the prime factors of 304481478?
2, 3, 7, 631, 11489
List the prime factors of 4385309883.
3, 1049, 1393489
What are the prime factors of 94819410?
2, 3, 5, 7, 2389
List the prime factors of 12271885.
5, 53, 46309
List the prime factors of 2322126751.
7, 251, 1019, 1297
What are the prime factors of 1147252580?
2, 5, 239, 240011
List the prime factors of 5031849854.
2, 37, 401, 4583
What are the prime factors of 177046122?
2, 3, 11, 2682517
What are the prime factors of 314507694?
2, 3, 359, 146011
List the prime factors of 1071487595.
5, 214297519
List the prime factors of 385993677.
3, 128664559
What are the prime factors of 757201911?
3, 1109, 227593
List the prime factors of 1876278331.
89, 463, 45533
What are the prime factors of 113339215?
5, 11, 107, 19259
List the prime factors of 41083003.
13, 53, 59627
What are the prime factors of 91712353?
31, 2958463
List the prime factors of 111495955.
5, 103, 149, 1453
List the prime factors of 203051427.
3, 53, 431, 2963
What are the prime factors of 952394952?
2, 3, 61, 650543
What are the prime factors of 25362395?
5, 41, 123719
List the prime factors of 13961534.
2, 167, 41801
What are the prime factors of 4958441694?
2, 3, 275468983
List the prime factors of 111047134.
2, 11, 19, 113, 2351
List the prime factors of 277161846.
2, 3, 13, 17, 209021
List the prime factors of 62425114.
2, 31212557
List the prime factors of 601689128.
2, 89, 845069
What are the prime factors of 509393304?
2, 3, 7, 17, 59453
List the prime factors of 4138023932.
2, 